6199 is divided by 93.
22
What is the remainder when 1490482 is divided by 30?
22
Calculate the remainder when 35127 is divided by 17547.
33
What is the remainder when 66264 is divided by 37?
34
Calculate the remainder when 69468 is divided by 29.
13
What is the remainder when 1831003 is divided by 199?
4
What is the remainder when 29879 is divided by 476?
367
What is the remainder when 128151 is divided by 7112?
135
Calculate the remainder when 382085 is divided by 174.
155
Calculate the remainder when 8198 is divided by 31.
14
Calculate the remainder when 1716 is divided by 115.
106
What is the remainder when 1715835 is divided by 224?
219
Calculate the remainder when 4158 is divided by 44.
22
Calculate the remainder when 27443 is divided by 339.
323
Calculate the remainder when 247 is divided by 183.
64
What is the remainder when 4368 is divided by 12?
0
What is the remainder when 10635 is divided by 643?
347
Calculate the remainder when 11615 is divided by 33.
32
Calculate the remainder when 18162 is divided by 1779.
372
Calculate the remainder when 163289 is divided by 13.
9
What is the remainder when 83906 is divided by 83?
76
What is the remainder when 99341 is divided by 73?
61
Calculate the remainder when 9543 is divided by 9528.
15
What is the remainder when 218107 is divided by 251?
239
Calculate the remainder when 2170 is divided by 101.
49
Calculate the remainder when 65121 is divided by 99.
78
What is the remainder when 980905 is divided by 1134?
1129
Calculate the remainder when 8866 is divided by 522.
514
What is the remainder when 177600 is divided by 394?
300
Calculate the remainder when 16973 is divided by 143.
99
Calculate the remainder when 38386 is divided by 111.
91
Calculate the remainder when 2832 is divided by 313.
15
Calculate the remainder when 14168 is divided by 4722.
2
Calculate the remainder when 693 is divided by 236.
221
Calculate the remainder when 4616 is divided by 1426.
338
What is the remainder when 504151 is divided by 3?
1
What is the remainder when 314522 is divided by 546?
26
Calculate the remainder when 93096 is divided by 1349.
15
What is the remainder when 25870 is divided by 49?
47
Calculate the remainder when 6073 is divided by 414.
277
Calculate the remainder when 5815 is divided by 28.
19
What is the remainder when 3462 is divided by 92?
58
Calculate the remainder when 78098 is divided by 20.
18
Calculate the remainder when 10782 is divided by 68.
38
What is the remainder when 31727 is divided by 244?
7
What is the remainder when 6056 is divided by 2403?
1250
What is the remainder when 394775 is divided by 44?
7
What is the remainder when 6713 is divided by 3333?
47
What is the remainder when 12762505 is divided by 53?
52
What is the remainder when 182997 is divided by 250?
247
Calculate the remainder when 3759 is divided by 774.
663
Calculate the remainder when 307583 is divided by 534.
533
What is the remainder when 193864 is divided by 357?
13
What is the remainder when 1786 is divided by 94?
0
What is the remainder when 138546 is divided by 76?
74
What is the remainder when 4487 is divided by 4466?
21
What is the remainder when 4929 is divided by 33?
12
Calculate the remainder when 3420 is divided by 1185.
1050
Calculate the remainder when 81865 is divided by 625.
615
Calculate the remainder when 540575 is divided by 2526.
11
Calculate the remainder when 752661 is divided by 250883.
12
Calculate the remainder when 292892 is divided by 8613.
50
Calculate the remainder when 17573122 is divided by 732.
730
Calculate the remainder when 116737 is divided by 6.
1
What is the remainder when 38375 is divided by 104?
103
Calculate the remainder when 103904 is divided by 15.
14
What is the remainder when 117259 is divided by 106?
23
What is the remainder when 14126 is divided by 706?
6
Calculate the remainder when 270322 is divided by 1790.
32
What is the remainder when 3113 is divided by 377?
97
What is the remainder when 29148 is divided by 207?
168
Calculate the remainder when 22864 is divided by 93.
79
Calculate the remainder when 2740139 is divided by 52.
51
Calculate the remainder when 190195 is divided by 63395.
10
Calculate the remainder when 5351 is divided by 328.
103
What is the remainder when 92923 is divided by 45?
43
What is the remainder when 34223 is divided by 6?
5
What is the remainder when 295406 is divided by 3?
2
What is the remainder when 4172 is divided by 2029?
114
Calculate the remainder when 20510 is divided by 2272.
62
What is the remainder when 3989 is divided by 53?
14
What is the remainder when 620686 is divided by 35?
31
What is the remainder when 148034 is divided by 37005?
14
Calculate the remainder when 596312 is divided by 223.
10
What is the remainder when 1006 is divided by 621?
385
Calculate the remainder when 89002 is divided by 63.
46
Calculate the remainder when 15125 is divided by 3008.
85
What is the remainder when 3321 is divided by 1092?
45
Calculate the remainder when 35530 is divided by 141.
139
What is the remainder when 10290 is divided by 1693?
132
Calculate the remainder when 5953 is divided by 1264.
897
What is the remainder when 20696 is divided by 163?
158
Calculate the remainder when 858700 is divided by 176.
172
Calculate the remainder when 1406 is divided by 196.
34
Calculate the remainder when 1356 is divided by 735.
621
What is the remainder when 182917 is divided by 73?
52
Calculate the remainder when 13934 is divided by 2320.
14
Calculate the remainder when 48086 is divided by 229.
225
Calculate the remainder when 36128 is divided by 602.
8
Calculate the remainder when 4403 is divided by 516.
275
What is the remainder when 11856 is divided by 136?
24
What is the remainder when 1255 is divided by 557?
141
What is the remainder when 735086 is divided by 41?
38
What is the remainder when 2482 is divided by 2064?
418
What is the remainder when 3877 is divided by 278?
263
What is the remainder when 25166 is divided by 513?
29
What is the remainder when 6766 is divided by 3361?
44
Calculate the remainder when 6830 is divided by 234.
44
Calculate the remainder when 4496 is divided by 895.
21
Calculate the remainder when 162890 is divided by 32575.
15
What is the remainder when 4636 is divided by 62?
48
What is the remainder when 718747 is divided by 41?
17
Calculate the remainder when 477 is divided by 456.
21
What is the remainder when 14075 is divided by 201?
5
What is the remainder when 35567 is divided by 17777?
13
Calculate the remainder when 6138 is divided by 609.
48
What is the remainder when 176417 is divided by 22?
21
Calculate the remainder when 106107 is divided by 264.
243
What is the remainder when 3347 is divided by 328?
67
What is the remainder when 4698 is divided by 1109?
262
Calculate the remainder when 4143 is divided by 1915.
313
Calculate the remainder when 1672058 is divided by 13.
11
What is the remainder when 82145 is divided by 160?
65
Calculate the remainder when 5098 is divided by 68.
66
Calculate the remainder when 4428 is divided by 2210.
8
Calculate the remainder when 957 is divided by 932.
25
Calculate the remainder when 65251 is divided by 932.
11
What is the remainder when 17904 is divided by 5958?
30
Calculate the remainder when 1537 is divided by 333.
205
What is the remainder when 1108623 is divided by 797?
793
Calculate the remainder when 37941 is divided by 759.
750
What is the remainder when 19024 is divided by 412?
72
What is the remainder when 425 is divided by 123?
56
Calculate the remainder when 1678946 is divided by 315.
311
Calculate the remainder when 504573 is divided by 28030.
33
Calculate the remainder when 5726 is divided by 116.
42
Calculate the remainder when 430464 is divided by 374.
364
What is the remainder when 398 is divided by 134?
130
Calculate the remainder when 501826 is divided by 820.
806
What is the remainder when 2228 is divided by 1115?
1113
Calculate the remainder when 261256 is divided by 99.
94
Calculate the remainder when 281 is divided by 22.
17
What is the remainder when 24184 is divided by 100?
84
What is the remainder when 4078 is divided by 2013?
52
Calculate the remainder when 3224 is divided by 137.
73
What is the remainder when 6597 is divided by 3298?
1
Calculate 